{"id":3678,"date":"2013-05-24T20:01:55","date_gmt":"2013-05-24T20:01:55","guid":{"rendered":"http:\/\/theme-fusion.com\/avadaxml\/?page_id=3678"},"modified":"2016-06-20T13:57:38","modified_gmt":"2016-06-20T18:57:38","slug":"quienes-somos","status":"publish","type":"page","link":"https:\/\/academiamaribel.com\/es\/quienes-somos\/","title":{"rendered":"Qui\u00e9nes somos"},"content":{"rendered":"<div class=\"fusion-one-half fusion-layout-column fusion-spacing-yes\" style=\"margin-top:0px;margin-bottom:20px;\"><div class=\"fusion-column-wrapper\"><div class=\"fusion-slider-sc flexslider flexslider-hover-type-none\" style=\"max-width:100%;height:100%;\"><ul class=\"slides\"><li class=\"image\"><span class=\"hover-type-none\"><img src=\"http:\/\/academiamaribel.com\/es\/wp-content\/uploads\/2016\/05\/ima2.jpg\" \/><\/span><\/li><li class=\"image\"><span class=\"hover-type-none\"><img src=\"http:\/\/academiamaribel.com\/es\/wp-content\/uploads\/2016\/05\/ima3.jpg\" \/><\/span><\/li><li class=\"image\"><span class=\"hover-type-none\"><img src=\"http:\/\/academiamaribel.com\/es\/wp-content\/uploads\/2016\/05\/ima4.jpg\" \/><\/span><\/li><li class=\"image\"><span class=\"hover-type-none\"><img src=\"http:\/\/academiamaribel.com\/es\/wp-content\/uploads\/2016\/05\/ima1.jpg\" \/><\/span><\/li><\/ul><\/div><div class=\"fusion-clearfix\"><\/div><\/div><\/div><div class=\"fusion-one-half fusion-layout-column fusion-column-last fusion-spacing-yes\" style=\"margin-top:0px;margin-bottom:20px;\"><div class=\"fusion-column-wrapper\"><h2><strong>Academia\u00a0T\u00e9cnica de Belleza Maribel<\/strong><\/h2>\n<p style=\"text-align: justify;\">Es una de las instituciones de mayor reconocimiento en Panam\u00e1, fundada el 23 de junio de 1964 con la finalidad de impartir conocimientos sobre belleza integral. Surge a trav\u00e9s de la inspiraci\u00f3n de capacitar estudiantes para desenvolverse en la profesi\u00f3n del estilismo.<\/p>\n<div class=\"fusion-title title fusion-title-size-four\" style=\"margin-bottom:30px;\"><h4 class=\"title-heading-left\">\n<h2><strong>Valores<\/strong><\/h2>\n<\/h4><div class=\"title-sep-container\"><div class=\"title-sep sep-double\"><\/div><\/div><\/div><ul class=\"fusion-checklist fusion-checklist-1\" style=\"font-size:13px;line-height:22.1px;\"><li class=\"fusion-li-item\"><span style=\"background-color:#1a80b6;font-size:11.44px;height:22.1px;width:22.1px;margin-right:9.1px;\" class=\"icon-wrapper circle-yes\"><i class=\"fusion-li-icon fa fa-star-o\" style=\"color:#ffffff;\"><\/i><\/span><div class=\"fusion-li-item-content\" style=\"margin-left:31.2px;\">RESPETO con nuestros estudiantes.<\/div><\/li><li class=\"fusion-li-item\"><span style=\"background-color:#1a80b6;font-size:11.44px;height:22.1px;width:22.1px;margin-right:9.1px;\" class=\"icon-wrapper circle-yes\"><i class=\"fusion-li-icon fa fa-star-o\" style=\"color:#ffffff;\"><\/i><\/span><div class=\"fusion-li-item-content\" style=\"margin-left:31.2px;\">COMPROMISO Y RESPONSABILIDAD<\/div><\/li><li class=\"fusion-li-item\"><span style=\"background-color:#1a80b6;font-size:11.44px;height:22.1px;width:22.1px;margin-right:9.1px;\" class=\"icon-wrapper circle-yes\"><i class=\"fusion-li-icon fa fa-star-o\" style=\"color:#ffffff;\"><\/i><\/span><div class=\"fusion-li-item-content\" style=\"margin-left:31.2px;\">COLABORACI\u00d3N Y GENEROSIDAD<\/div><\/li><li class=\"fusion-li-item\"><span style=\"background-color:#1a80b6;font-size:11.44px;height:22.1px;width:22.1px;margin-right:9.1px;\" class=\"icon-wrapper circle-yes\"><i class=\"fusion-li-icon fa fa-star-o\" style=\"color:#ffffff;\"><\/i><\/span><div class=\"fusion-li-item-content\" style=\"margin-left:31.2px;\">HONESTIDAD Y SINCERIDAD<\/div><\/li><li class=\"fusion-li-item\"><span style=\"background-color:#1a80b6;font-size:11.44px;height:22.1px;width:22.1px;margin-right:9.1px;\" class=\"icon-wrapper circle-yes\"><i class=\"fusion-li-icon fa fa-star-o\" style=\"color:#ffffff;\"><\/i><\/span><div class=\"fusion-li-item-content\" style=\"margin-left:31.2px;\">AUTONOM\u00cdA, PRO-ACTIVIDAD Y TRANSPARENCIA.<\/div><\/li><\/ul><div class=\"fusion-clearfix\"><\/div><\/div><\/div><div class=\"fusion-clearfix\"><\/div><div class=\"fusion-sep-clear\"><\/div><div class=\"fusion-separator fusion-full-width-sep sep-double\" style=\"border-color:#e0dede;border-top-width:1px;border-bottom-width:1px;margin-left: auto;margin-right: auto;margin-top:30px;margin-bottom:60px;\"><\/div><div class=\"fusion-sep-clear\"><\/div><div class=\"fusion-separator fusion-full-width-sep sep-none\" style=\"border-color:#e0dede;margin-left: auto;margin-right: auto;margin-top:35px;\"><\/div><div class=\"fusion-one-half fusion-layout-column fusion-spacing-yes\" style=\"margin-top:0px;margin-bottom:20px;\"><div class=\"fusion-column-wrapper\"><div class=\"fusion-title title fusion-sep-none fusion-title-center fusion-title-size-two\" style=\"margin-bottom:30px;\"><h2 class=\"title-heading-center\">\n<h1><strong>Misi\u00f3n<\/strong><\/h1>\n<\/h2><\/div><p style=\"text-align: justify;\">Enfocarnos de manera rigurosa en la perfecci\u00f3n de las \u00faltimas t\u00e9cnicas en cortes de cabello, aplicaci\u00f3n de tinte, depilaci\u00f3n completa, manicura y pedicura, instalaci\u00f3n de u\u00f1as postizas, implementando las tendencias m\u00e1s vanguardistas en el mercado de la belleza.<\/p>\n<div class=\"fusion-clearfix\"><\/div><\/div><\/div><div class=\"fusion-one-half fusion-layout-column fusion-column-last fusion-spacing-yes\" style=\"margin-top:0px;margin-bottom:20px;\"><div class=\"fusion-column-wrapper\"><div class=\"fusion-title title fusion-sep-none fusion-title-center fusion-title-size-two\" style=\"margin-bottom:30px;\"><h2 class=\"title-heading-center\">\n<h1><strong>Visi\u00f3n<\/strong><\/h1>\n<\/h2><\/div><p>Brindarle a nuestros estudiantes a trav\u00e9s de nuestros cursos y m\u00f3dulos un\u00a0perfil que les permitir\u00e1 aspirar a ser due\u00f1os de su propio negocio, aplicando las habilidades aprendidas, llevadas a la pr\u00e1ctica en cada m\u00f3dulo del curso.<\/p>\n<div class=\"fusion-clearfix\"><\/div><\/div><\/div><div class=\"fusion-clearfix\"><\/div><div class=\"fusion-sep-clear\"><\/div><div class=\"fusion-separator fusion-full-width-sep sep-double\" style=\"border-color:#e0dede;border-top-width:1px;border-bottom-width:1px;margin-left: auto;margin-right: auto;margin-top:30px;margin-bottom:40px;\"><\/div><div class=\"fusion-sep-clear\"><\/div><div class=\"fusion-separator fusion-full-width-sep sep-none\" style=\"border-color:#e0dede;margin-left: auto;margin-right: auto;margin-top:30px;\"><\/div><style type='text\/css'>.reading-box-container-1 .element-bottomshadow:before,.reading-box-container-1 .element-bottomshadow:after{opacity:0.1;}<\/style><div class=\"fusion-reading-box-container reading-box-container-1\" style=\"margin-bottom:84px;\"><div class=\"reading-box\" style=\"background-color:#ffffff;border-width:3px;border-color:#8224e3;border-top-width:3px;border-top-color:#1a80b6;border-style:solid;\"><a class=\"button fusion-button button-default button-square fusion-button-large button-large button-flat fusion-desktop-button continue continue-right\" style=\"-webkit-box-shadow:none;-moz-box-shadow:none;box-shadow:none;\" href=\"http:\/\/academiamaribel.com\/es\/contact\/\" target=\"_blank\"><span>Cont\u00e1ctanos Ahora<\/span><\/a><h2>Forma parte de nuestros mejores programas y convi\u00e9rtase en un especialista<\/h2><div class=\"reading-box-description\">Los aspirantes tendr\u00e1n la oportunidad de convertirse en profesionales en las diferentes \u00e1reas de la belleza.<\/div><div class=\"reading-box-additional\"><\/div><a class=\"button fusion-button button-default button-square fusion-button-large button-large button-flat fusion-mobile-button continue-right\" style=\"-webkit-box-shadow:none;-moz-box-shadow:none;box-shadow:none;\" href=\"http:\/\/academiamaribel.com\/es\/contact\/\" target=\"_blank\"><span>Cont\u00e1ctanos Ahora<\/span><\/a><\/div><\/div>\n","protected":false},"excerpt":{"rendered":"","protected":false},"author":1,"featured_media":0,"parent":0,"menu_order":0,"comment_status":"open","ping_status":"closed","template":"","meta":[],"_links":{"self":[{"href":"https:\/\/academiamaribel.com\/es\/wp-json\/wp\/v2\/pages\/3678"}],"collection":[{"href":"https:\/\/academiamaribel.com\/es\/wp-json\/wp\/v2\/pages"}],"about":[{"href":"https:\/\/academiamaribel.com\/es\/wp-json\/wp\/v2\/types\/page"}],"author":[{"embeddable":true,"href":"https:\/\/academiamaribel.com\/es\/wp-json\/wp\/v2\/users\/1"}],"replies":[{"embeddable":true,"href":"https:\/\/academiamaribel.com\/es\/wp-json\/wp\/v2\/comments?post=3678"}],"version-history":[{"count":31,"href":"https:\/\/academiamaribel.com\/es\/wp-json\/wp\/v2\/pages\/3678\/revisions"}],"predecessor-version":[{"id":12294,"href":"https:\/\/academiamaribel.com\/es\/wp-json\/wp\/v2\/pages\/3678\/revisions\/12294"}],"wp:attachment":[{"href":"https:\/\/academiamaribel.com\/es\/wp-json\/wp\/v2\/media?parent=3678"}],"curies":[{"name":"wp","href":"https:\/\/api.w.org\/{rel}","templated":true}]}}

Quiénes somos

<div class="fusion-one-half fusion-layout-column fusion-spacing-yes" style="margin-top:0px;margin-bottom:20px;"><div class="fusion-column-wrapper"><div class="fusion-slider-sc flexslider flexslider-hover-type-none" style="max-width:100%;height:100%;"><ul class="slides"><li class="image"><span class="hover-type-none"><img src="http://academiamaribel.com/es/wp-content/uploads/2016/05/ima2.jpg" /></span></li><li class="image"><span class="hover-type-none"><img src="http://academiamaribel.com/es/wp-content/uploads/2016/05/ima3.jpg" /></span></li><li class="image"><span class="hover-type-none"><img src="http://academiamaribel.com/es/wp-content/uploads/2016/05/ima4.jpg" /></span></li><li class="image"><span class="hover-type-none"><img src="http://academiamaribel.com/es/wp-content/uploads/2016/05/ima1.jpg" /></span></li></ul></div><div class="fusion-clearfix"></div></div></div><div class="fusion-one-half fusion-layout-column fusion-column-last fusion-spacing-yes" style="margin-top:0px;margin-bottom:20px;"><div class="fusion-column-wrapper"><h2><strong>Academia Técnica de Belleza Maribel</strong></h2>
<p style="text-align: justify;">Es una de las instituciones de mayor reconocimiento en Panamá, fundada el 23 de junio de 1964 con la finalidad de impartir conocimientos sobre belleza integral. Surge a través de la inspiración de capacitar estudiantes para desenvolverse en la profesión del estilismo.</p>
<div class="fusion-title title fusion-title-size-four" style="margin-bottom:30px;"><h4 class="title-heading-left">
<h2><strong>Valores</strong></h2>
</h4><div class="title-sep-container"><div class="title-sep sep-double"></div></div></div><ul class="fusion-checklist fusion-checklist-1" style="font-size:13px;line-height:22.1px;"><li class="fusion-li-item"><span style="background-color:#1a80b6;font-size:11.44px;height:22.1px;width:22.1px;margin-right:9.1px;" class="icon-wrapper circle-yes"><i class="fusion-li-icon fa fa-star-o" style="color:#ffffff;"></i></span><div class="fusion-li-item-content" style="margin-left:31.2px;">RESPETO con nuestros estudiantes.</div></li><li class="fusion-li-item"><span style="background-color:#1a80b6;font-size:11.44px;height:22.1px;width:22.1px;margin-right:9.1px;" class="icon-wrapper circle-yes"><i class="fusion-li-icon fa fa-star-o" style="color:#ffffff;"></i></span><div class="fusion-li-item-content" style="margin-left:31.2px;">COMPROMISO Y RESPONSABILIDAD</div></li><li class="fusion-li-item"><span style="background-color:#1a80b6;font-size:11.44px;height:22.1px;width:22.1px;margin-right:9.1px;" class="icon-wrapper circle-yes"><i class="fusion-li-icon fa fa-star-o" style="color:#ffffff;"></i></span><div class="fusion-li-item-content" style="margin-left:31.2px;">COLABORACIÓN Y GENEROSIDAD</div></li><li class="fusion-li-item"><span style="background-color:#1a80b6;font-size:11.44px;height:22.1px;width:22.1px;margin-right:9.1px;" class="icon-wrapper circle-yes"><i class="fusion-li-icon fa fa-star-o" style="color:#ffffff;"></i></span><div class="fusion-li-item-content" style="margin-left:31.2px;">HONESTIDAD Y SINCERIDAD</div></li><li class="fusion-li-item"><span style="background-color:#1a80b6;font-size:11.44px;height:22.1px;width:22.1px;margin-right:9.1px;" class="icon-wrapper circle-yes"><i class="fusion-li-icon fa fa-star-o" style="color:#ffffff;"></i></span><div class="fusion-li-item-content" style="margin-left:31.2px;">AUTONOMÍA, PRO-ACTIVIDAD Y TRANSPARENCIA.</div></li></ul><div class="fusion-clearfix"></div></div></div><div class="fusion-clearfix"></div><div class="fusion-sep-clear"></div><div class="fusion-separator fusion-full-width-sep sep-double" style="border-color:#e0dede;border-top-width:1px;border-bottom-width:1px;margin-left: auto;margin-right: auto;margin-top:30px;margin-bottom:60px;"></div><div class="fusion-sep-clear"></div><div class="fusion-separator fusion-full-width-sep sep-none" style="border-color:#e0dede;margin-left: auto;margin-right: auto;margin-top:35px;"></div><div class="fusion-one-half fusion-layout-column fusion-spacing-yes" style="margin-top:0px;margin-bottom:20px;"><div class="fusion-column-wrapper"><div class="fusion-title title fusion-sep-none fusion-title-center fusion-title-size-two" style="margin-bottom:30px;"><h2 class="title-heading-center">
<h1><strong>Misión</strong></h1>
</h2></div><p style="text-align: justify;">Enfocarnos de manera rigurosa en la perfección de las últimas técnicas en cortes de cabello, aplicación de tinte, depilación completa, manicura y pedicura, instalación de uñas postizas, implementando las tendencias más vanguardistas en el mercado de la belleza.</p>
<div class="fusion-clearfix"></div></div></div><div class="fusion-one-half fusion-layout-column fusion-column-last fusion-spacing-yes" style="margin-top:0px;margin-bottom:20px;"><div class="fusion-column-wrapper"><div class="fusion-title title fusion-sep-none fusion-title-center fusion-title-size-two" style="margin-bottom:30px;"><h2 class="title-heading-center">
<h1><strong>Visión</strong></h1>
</h2></div><p>Brindarle a nuestros estudiantes a través de nuestros cursos y módulos un perfil que les permitirá aspirar a ser dueños de su propio negocio, aplicando las habilidades aprendidas, llevadas a la práctica en cada módulo del curso.</p>
<div class="fusion-clearfix"></div></div></div><div class="fusion-clearfix"></div><div class="fusion-sep-clear"></div><div class="fusion-separator fusion-full-width-sep sep-double" style="border-color:#e0dede;border-top-width:1px;border-bottom-width:1px;margin-left: auto;margin-right: auto;margin-top:30px;margin-bottom:40px;"></div><div class="fusion-sep-clear"></div><div class="fusion-separator fusion-full-width-sep sep-none" style="border-color:#e0dede;margin-left: auto;margin-right: auto;margin-top:30px;"></div><style type='text/css'>.reading-box-container-1 .element-bottomshadow:before,.reading-box-container-1 .element-bottomshadow:after{opacity:0.1;}</style><div class="fusion-reading-box-container reading-box-container-1" style="margin-bottom:84px;"><div class="reading-box" style="background-color:#ffffff;border-width:3px;border-color:#8224e3;border-top-width:3px;border-top-color:#1a80b6;border-style:solid;"><a class="button fusion-button button-default button-square fusion-button-large button-large button-flat fusion-desktop-button continue continue-right" style="-webkit-box-shadow:none;-moz-box-shadow:none;box-shadow:none;" href="http://academiamaribel.com/es/contact/" target="_blank"><span>Contáctanos Ahora</span></a><h2>Forma parte de nuestros mejores programas y conviértase en un especialista</h2><div class="reading-box-description">Los aspirantes tendrán la oportunidad de convertirse en profesionales en las diferentes áreas de la belleza.</div><div class="reading-box-additional"></div><a class="button fusion-button button-default button-square fusion-button-large button-large button-flat fusion-mobile-button continue-right" style="-webkit-box-shadow:none;-moz-box-shadow:none;box-shadow:none;" href="http://academiamaribel.com/es/contact/" target="_blank"><span>Contáctanos Ahora</span></a></div></div>
