{"id":11923,"date":"2016-05-23T09:36:48","date_gmt":"2016-05-23T14:36:48","guid":{"rendered":"http:\/\/academiamaribel.com\/es\/?page_id=11923"},"modified":"2016-06-23T10:31:33","modified_gmt":"2016-06-23T15:31:33","slug":"tecnico-belleza","status":"publish","type":"page","link":"https:\/\/academiamaribel.com\/es\/tecnico-belleza\/","title":{"rendered":"T\u00e9cnico de Belleza en 2 a\u00f1os"},"content":{"rendered":"<div class=\"fusion-three-fifth fusion-layout-column fusion-spacing-yes\" style=\"margin-top:0px;margin-bottom:20px;\"><div class=\"fusion-column-wrapper\"><div class=\"fusion-slider-sc flexslider flexslider-hover-type-none\" style=\"max-width:100%;height:100%;\"><ul class=\"slides\"><li class=\"image\"><span class=\"hover-type-none\"><img src=\"http:\/\/academiamaribel.com\/es\/wp-content\/uploads\/2016\/05\/tec2.jpg\" \/><\/span><\/li><\/ul><\/div><div class=\"fusion-sep-clear\"><\/div><div class=\"fusion-separator fusion-full-width-sep sep-none\" style=\"border-color:#e0dede;margin-left: auto;margin-right: auto;margin-top:-20px;\"><\/div><div class=\"fusion-clearfix\"><\/div><\/div><\/div><div class=\"fusion-two-fifth fusion-layout-column fusion-column-last fusion-spacing-yes\" style=\"margin-top:0px;margin-bottom:20px;\"><div class=\"fusion-column-wrapper\"><div class=\"fusion-title title fusion-title-size-two\" style=\"margin-bottom:30px;\"><h2 class=\"title-heading-left\">T\u00e9cnico de Belleza<\/h2><div class=\"title-sep-container\"><div class=\"title-sep sep-double\"><\/div><\/div><\/div><p style=\"text-align: justify;\">Los\u00a0cursos se dan igual en los dos niveles de T\u00e9cnico, solo que su pr\u00e1ctica y su teor\u00eda es m\u00e1s amplia ya que debe abarcar cada trimestre en el orden ya establecido con MEDUCA donde dentro de ese formato nos solicitan 5 materias: espa\u00f1ol, matem\u00e1ticas, ingles, geograf\u00eda \u00e9tica e historia.<\/p>\n<p style=\"text-align: justify;\"><strong>Los requisitos para la academia en el t\u00e9cnico son los siguientes:<\/strong><\/p>\n<div class=\"fusion-sep-clear\"><\/div><div class=\"fusion-separator fusion-full-width-sep sep-none\" style=\"border-color:#e0dede;margin-left: auto;margin-right: auto;margin-top:-30px;\"><\/div><div class=\"fusion-clearfix\"><\/div><\/div><\/div><div class=\"fusion-clearfix\"><\/div><div class=\"fusion-one-half fusion-layout-column fusion-spacing-yes\" style=\"margin-top:0px;margin-bottom:20px;\"><div class=\"fusion-column-wrapper\"><div class=\"fusion-title title fusion-title-size-two\" style=\"margin-bottom:30px;\"><h2 class=\"title-heading-left\">\n<h2>Los que tienen solo el certificado de primaria.<\/h2>\n<\/h2><div class=\"title-sep-container\"><div class=\"title-sep sep-double\"><\/div><\/div><\/div><ul>\n<li>Bolet\u00edn de VI grado<\/li>\n<li>Certificado de nacimiento escolar o fotocopia de cedula<\/li>\n<li>1 fotografia<\/li>\n<li>Certificado de salud<\/li>\n<li>Cr\u00e9ditos<\/li>\n<li>Certificado de buena conducta<\/li>\n<\/ul>\n<div class=\"fusion-sep-clear\"><\/div><div class=\"fusion-separator fusion-full-width-sep sep-none\" style=\"border-color:#e0dede;margin-left: auto;margin-right: auto;margin-top:30px;\"><\/div><div class=\"fusion-clearfix\"><\/div><\/div><\/div><div class=\"fusion-one-half fusion-layout-column fusion-column-last fusion-spacing-yes\" style=\"margin-top:0px;margin-bottom:20px;\"><div class=\"fusion-column-wrapper\"><div class=\"fusion-title title fusion-title-size-two\" style=\"margin-bottom:30px;\"><div class=\"title-sep-container\"><div class=\"title-sep sep-double\"><\/div><\/div><h2 class=\"title-heading-right\">\n<h2>Para las que han aprobado cualquier nivel del primer ciclo<\/h2>\n<\/h2><\/div><ul>\n<li>Cr\u00e9ditos<\/li>\n<li>Copia del cerficado de primer ciclo<\/li>\n<li>Cerficado de nacimiento escolar o copia de buena conducta<\/li>\n<li>1 fotografia<\/li>\n<li>Certificado de salud.<\/li>\n<\/ul>\n<div class=\"fusion-clearfix\"><\/div><\/div><\/div><div class=\"fusion-clearfix\"><\/div><div class=\"fusion-section-separator section-separator\" style=\"border-top:10px solid #8224e3;\"><div class=\"divider-candy-arrow top\" style=\"bottom:10px;border-bottom-color: #8224e3;\"><\/div><div class=\"divider-candy top\" style=\"top:-30px;border-bottom:1px solid #8224e3;border-left:1px solid #8224e3;\"><\/div><\/div><div class=\"fusion-sep-clear\"><\/div><div class=\"fusion-separator fusion-full-width-sep sep-none\" style=\"border-color:#e0dede;margin-left: auto;margin-right: auto;margin-top:30px;\"><\/div><div class=\"fusion-title title fusion-sep-none fusion-title-center fusion-title-size-two\" style=\"margin-bottom:30px;\"><h2 class=\"title-heading-center\">Para paname\u00f1os mayores de edad se debe tener fotocopia de su c\u00e9dula. Para\u00a0extranjeros se debe\u00a0tener papeles al d\u00eda para aplicar su certificado con sello del ministerio de educaci\u00f3n.<\/h2><\/div><div class=\"fusion-one-full fusion-layout-column fusion-column-last fusion-spacing-yes\" style=\"margin-top:0px;margin-bottom:20px;\"><div class=\"fusion-column-wrapper\"><div class=\"fusion-clearfix\"><\/div><\/div><\/div><div class=\"fusion-clearfix\"><\/div>\n","protected":false},"excerpt":{"rendered":"","protected":false},"author":1,"featured_media":0,"parent":0,"menu_order":0,"comment_status":"open","ping_status":"open","template":"","meta":[],"_links":{"self":[{"href":"https:\/\/academiamaribel.com\/es\/wp-json\/wp\/v2\/pages\/11923"}],"collection":[{"href":"https:\/\/academiamaribel.com\/es\/wp-json\/wp\/v2\/pages"}],"about":[{"href":"https:\/\/academiamaribel.com\/es\/wp-json\/wp\/v2\/types\/page"}],"author":[{"embeddable":true,"href":"https:\/\/academiamaribel.com\/es\/wp-json\/wp\/v2\/users\/1"}],"replies":[{"embeddable":true,"href":"https:\/\/academiamaribel.com\/es\/wp-json\/wp\/v2\/comments?post=11923"}],"version-history":[{"count":10,"href":"https:\/\/academiamaribel.com\/es\/wp-json\/wp\/v2\/pages\/11923\/revisions"}],"predecessor-version":[{"id":12303,"href":"https:\/\/academiamaribel.com\/es\/wp-json\/wp\/v2\/pages\/11923\/revisions\/12303"}],"wp:attachment":[{"href":"https:\/\/academiamaribel.com\/es\/wp-json\/wp\/v2\/media?parent=11923"}],"curies":[{"name":"wp","href":"https:\/\/api.w.org\/{rel}","templated":true}]}}

Técnico de Belleza en 2 años

<div class="fusion-three-fifth fusion-layout-column fusion-spacing-yes" style="margin-top:0px;margin-bottom:20px;"><div class="fusion-column-wrapper"><div class="fusion-slider-sc flexslider flexslider-hover-type-none" style="max-width:100%;height:100%;"><ul class="slides"><li class="image"><span class="hover-type-none"><img src="http://academiamaribel.com/es/wp-content/uploads/2016/05/tec2.jpg" /></span></li></ul></div><div class="fusion-sep-clear"></div><div class="fusion-separator fusion-full-width-sep sep-none" style="border-color:#e0dede;margin-left: auto;margin-right: auto;margin-top:-20px;"></div><div class="fusion-clearfix"></div></div></div><div class="fusion-two-fifth fusion-layout-column fusion-column-last fusion-spacing-yes" style="margin-top:0px;margin-bottom:20px;"><div class="fusion-column-wrapper"><div class="fusion-title title fusion-title-size-two" style="margin-bottom:30px;"><h2 class="title-heading-left">Técnico de Belleza</h2><div class="title-sep-container"><div class="title-sep sep-double"></div></div></div><p style="text-align: justify;">Los cursos se dan igual en los dos niveles de Técnico, solo que su práctica y su teoría es más amplia ya que debe abarcar cada trimestre en el orden ya establecido con MEDUCA donde dentro de ese formato nos solicitan 5 materias: español, matemáticas, ingles, geografía ética e historia.</p>
<p style="text-align: justify;"><strong>Los requisitos para la academia en el técnico son los siguientes:</strong></p>
<div class="fusion-sep-clear"></div><div class="fusion-separator fusion-full-width-sep sep-none" style="border-color:#e0dede;margin-left: auto;margin-right: auto;margin-top:-30px;"></div><div class="fusion-clearfix"></div></div></div><div class="fusion-clearfix"></div><div class="fusion-one-half fusion-layout-column fusion-spacing-yes" style="margin-top:0px;margin-bottom:20px;"><div class="fusion-column-wrapper"><div class="fusion-title title fusion-title-size-two" style="margin-bottom:30px;"><h2 class="title-heading-left">
<h2>Los que tienen solo el certificado de primaria.</h2>
</h2><div class="title-sep-container"><div class="title-sep sep-double"></div></div></div><ul>
<li>Boletín de VI grado</li>
<li>Certificado de nacimiento escolar o fotocopia de cedula</li>
<li>1 fotografia</li>
<li>Certificado de salud</li>
<li>Créditos</li>
<li>Certificado de buena conducta</li>
</ul>
<div class="fusion-sep-clear"></div><div class="fusion-separator fusion-full-width-sep sep-none" style="border-color:#e0dede;margin-left: auto;margin-right: auto;margin-top:30px;"></div><div class="fusion-clearfix"></div></div></div><div class="fusion-one-half fusion-layout-column fusion-column-last fusion-spacing-yes" style="margin-top:0px;margin-bottom:20px;"><div class="fusion-column-wrapper"><div class="fusion-title title fusion-title-size-two" style="margin-bottom:30px;"><div class="title-sep-container"><div class="title-sep sep-double"></div></div><h2 class="title-heading-right">
<h2>Para las que han aprobado cualquier nivel del primer ciclo</h2>
</h2></div><ul>
<li>Créditos</li>
<li>Copia del cerficado de primer ciclo</li>
<li>Cerficado de nacimiento escolar o copia de buena conducta</li>
<li>1 fotografia</li>
<li>Certificado de salud.</li>
</ul>
<div class="fusion-clearfix"></div></div></div><div class="fusion-clearfix"></div><div class="fusion-section-separator section-separator" style="border-top:10px solid #8224e3;"><div class="divider-candy-arrow top" style="bottom:10px;border-bottom-color: #8224e3;"></div><div class="divider-candy top" style="top:-30px;border-bottom:1px solid #8224e3;border-left:1px solid #8224e3;"></div></div><div class="fusion-sep-clear"></div><div class="fusion-separator fusion-full-width-sep sep-none" style="border-color:#e0dede;margin-left: auto;margin-right: auto;margin-top:30px;"></div><div class="fusion-title title fusion-sep-none fusion-title-center fusion-title-size-two" style="margin-bottom:30px;"><h2 class="title-heading-center">Para panameños mayores de edad se debe tener fotocopia de su cédula. Para extranjeros se debe tener papeles al día para aplicar su certificado con sello del ministerio de educación.</h2></div><div class="fusion-one-full fusion-layout-column fusion-column-last fusion-spacing-yes" style="margin-top:0px;margin-bottom:20px;"><div class="fusion-column-wrapper"><div class="fusion-clearfix"></div></div></div><div class="fusion-clearfix"></div>
